{"id":67,"date":"2023-08-01T13:56:58","date_gmt":"2023-08-01T13:56:58","guid":{"rendered":"http:\/\/hausarzt-brackenheim.de\/?page_id=67"},"modified":"2026-03-09T09:22:19","modified_gmt":"2026-03-09T09:22:19","slug":"aktuelles","status":"publish","type":"page","link":"https:\/\/hausarzt-brackenheim.de\/home.html\/aktuelles","title":{"rendered":"Aktuelles"},"content":{"rendered":"\t\t<div data-elementor-type=\"wp-page\" data-elementor-id=\"67\" class=\"elementor elementor-67\" data-elementor-post-type=\"page\">\n\t\t\t\t\t\t<section class=\"elementor-section elementor-top-section elementor-element elementor-element-38e0cc2 elementor-section-full_width elementor-section-height-min-height elementor-section-items-stretch elementor-section-content-bottom elementor-section-height-default\" data-id=\"38e0cc2\" data-element_type=\"section\" data-e-type=\"section\" data-settings=\"{&quot;background_background&quot;:&quot;classic&quot;}\">\n\t\t\t\t\t\t<div class=\"elementor-container elementor-column-gap-no\">\n\t\t\t\t\t<div class=\"elementor-column elementor-col-50 elementor-top-column elementor-element elementor-element-ecd4361\" data-id=\"ecd4361\" data-element_type=\"column\" data-e-type=\"column\" data-settings=\"{&quot;background_background&quot;:&quot;classic&quot;}\">\n\t\t\t<div class=\"elementor-widget-wrap elementor-element-populated\">\n\t\t\t\t\t\t<div class=\"elementor-element elementor-element-f8677dd animated-slow elementor-invisible elementor-widget elementor-widget-heading\" data-id=\"f8677dd\" data-element_type=\"widget\" data-e-type=\"widget\" data-settings=\"{&quot;_animation&quot;:&quot;fadeInLeft&quot;}\" data-widget_type=\"heading.default\">\n\t\t\t\t<div class=\"elementor-widget-container\">\n\t\t\t\t\t<h2 class=\"elementor-heading-title elementor-size-default\">Aktuelles<\/h2>\t\t\t\t<\/div>\n\t\t\t\t<\/div>\n\t\t\t\t<div class=\"elementor-element elementor-element-b7ef8b4 animated-slow elementor-invisible elementor-widget elementor-widget-heading\" data-id=\"b7ef8b4\" data-element_type=\"widget\" data-e-type=\"widget\" data-settings=\"{&quot;_animation&quot;:&quot;fadeInLeft&quot;}\" data-widget_type=\"heading.default\">\n\t\t\t\t<div class=\"elementor-widget-container\">\n\t\t\t\t\t<h4 class=\"elementor-heading-title elementor-size-default\">aus unserer Hausarztpraxis in Brackenheim<\/h4>\t\t\t\t<\/div>\n\t\t\t\t<\/div>\n\t\t\t\t\t<\/div>\n\t\t<\/div>\n\t\t\t\t<div class=\"elementor-column elementor-col-50 elementor-top-column elementor-element elementor-element-7c587c6\" data-id=\"7c587c6\" data-element_type=\"column\" data-e-type=\"column\">\n\t\t\t<div class=\"elementor-widget-wrap elementor-element-populated\">\n\t\t\t\t\t\t<div class=\"elementor-element elementor-element-381543e animated-slow elementor-invisible elementor-widget elementor-widget-image\" data-id=\"381543e\" data-element_type=\"widget\" data-e-type=\"widget\" data-settings=\"{&quot;_animation&quot;:&quot;fadeInRight&quot;}\" data-widget_type=\"image.default\">\n\t\t\t\t<div class=\"elementor-widget-container\">\n\t\t\t\t\t\t\t\t\t\t\t\t\t\t\t<img decoding=\"async\" src=\"https:\/\/hausarzt-brackenheim.de\/wp-content\/uploads\/elementor\/thumbs\/Hausarztpraxis-Schirrmann-Stellzig-Home-Header-qabn2fl9xx8tc9ivgrfm51jit8a6k2wpywis89rc3e.jpg\" title=\"Hausarztpraxis-Schirrmann-Stellzig-Home-Header\" alt=\"Hausarztpraxis-Schirrmann-Stellzig-Home-Header\" loading=\"lazy\" \/>\t\t\t\t\t\t\t\t\t\t\t\t\t\t\t<\/div>\n\t\t\t\t<\/div>\n\t\t\t\t\t<\/div>\n\t\t<\/div>\n\t\t\t\t\t<\/div>\n\t\t<\/section>\n\t\t\t\t<section class=\"elementor-section elementor-top-section elementor-element elementor-element-b502315 elementor-reverse-tablet elementor-reverse-mobile elementor-section-boxed elementor-section-height-default elementor-section-height-default\" data-id=\"b502315\" data-element_type=\"section\" data-e-type=\"section\">\n\t\t\t\t\t\t<div class=\"elementor-container elementor-column-gap-default\">\n\t\t\t\t\t<div class=\"elementor-column elementor-col-50 elementor-top-column elementor-element elementor-element-2f22ee2\" data-id=\"2f22ee2\" data-element_type=\"column\" data-e-type=\"column\">\n\t\t\t<div class=\"elementor-widget-wrap elementor-element-populated\">\n\t\t\t\t\t\t<div class=\"elementor-element elementor-element-75ba9dd elementor-widget-tablet__width-initial elementor-widget elementor-widget-heading\" data-id=\"75ba9dd\" data-element_type=\"widget\" data-e-type=\"widget\" data-widget_type=\"heading.default\">\n\t\t\t\t<div class=\"elementor-widget-container\">\n\t\t\t\t\t<h1 class=\"elementor-heading-title elementor-size-default\">Aktuelles<\/h1>\t\t\t\t<\/div>\n\t\t\t\t<\/div>\n\t\t\t\t<div class=\"elementor-element elementor-element-276dd8f elementor-widget-tablet__width-initial elementor-widget elementor-widget-heading\" data-id=\"276dd8f\" data-element_type=\"widget\" data-e-type=\"widget\" data-widget_type=\"heading.default\">\n\t\t\t\t<div class=\"elementor-widget-container\">\n\t\t\t\t\t<h2 class=\"elementor-heading-title elementor-size-default\">aus unserer Hausarztpraxis in Brackenheim<\/h2>\t\t\t\t<\/div>\n\t\t\t\t<\/div>\n\t\t\t\t<div class=\"elementor-element elementor-element-da3d8f1 elementor-widget elementor-widget-text-editor\" data-id=\"da3d8f1\" data-element_type=\"widget\" data-e-type=\"widget\" data-widget_type=\"text-editor.default\">\n\t\t\t\t<div class=\"elementor-widget-container\">\n\t\t\t\t\t\t\t\t\t<ul><li><b><span style=\"font-weight: 100; letter-spacing: 0.2px;\">Die ARD hat einen neuen Beitrag zum Thema Herzgesundheit ver\u00f6ffentlich.\u00a0<\/span><br style=\"font-weight: 100; letter-spacing: 0.2px;\" \/><span style=\"font-weight: 100; letter-spacing: 0.2px;\">Darin wird auch die innovative Technik der\u00a0 <strong>Cardisiographie<\/strong> vorgestellt und bewertet. F\u00fcr Interessierte findet sich der Link dazu <a href=\"https:\/\/www.ardmediathek.de\/video\/der-tag-in-berlin-und-brandenburg\/ki-oder-arzt-wer-macht-mich-gesund-und-fit-teil-4\/rbb\/Y3JpZDovL3JiYl8wZTRhZGY1NS03MzdiLTRlZjktOWRjMS1lOWIzNDJmYmFiYmZfcHVibGljYXRpb24\">HIER<\/a>.<\/span><u><br style=\"font-weight: 100; letter-spacing: 0.2px;\" \/><\/u><span style=\"font-weight: 100; letter-spacing: 0.2px;\">Bei Interesse an dem Verfahren melden Sie sich gerne bei uns in der Praxis, telefonisch oder per Mail.<\/span><\/b><\/li><\/ul><p>\u00a0<\/p><ul><li><b><u>Aufgrund des aktuellen Personalmangels k\u00f6nnen wir momentan nicht immer zeitnah ans Telefon gehen und bitten sie hierf\u00fcr um Verst\u00e4ndnis.<\/u><\/b><\/li><\/ul><div><b><u>\u00a0<\/u><\/b><\/div><ul><li><u><b>Bitte nutzen Sie f\u00fcr Bestellung von \u00dcberweisungen und Rezepten unser Rezepttelefon\u00a0<\/b><\/u><u><b>07135 964282 oder die E-Mail Adresse und kommen daf\u00fcr NICHT an die Rezeption\/in die Praxis<\/b><\/u><\/li><\/ul><div><b><u>\u00a0<\/u><\/b><\/div><ul><li><u><b>Schlie\u00dftage 2026<\/b><\/u><ul><li>Freitag der 15.5.2026 und Freitag der 5.6.2026\u00a0<\/li><li>Vertretung \u00fcbernimmt die Notfallpraxis in Heilbronn<\/li><\/ul><\/li><\/ul><div>\u00a0<\/div><ul><li><span style=\"text-decoration: underline;\"><b>HZV-Einschreibung<\/b><\/span><\/li><\/ul><p style=\"padding-left: 40px;\">Aus aktuellem Anlass (Budgetierung der haus\u00e4rztlichen Leistungen im System der Kassen\u00e4rztlichen Versorgung = KV System) bitte wir alle Patienten, sich in das Hausarztprogramm einschreiben zu lassen. Mit der &#8222;Hausarztzentrierten Versorgung&#8220;, kurz HZV, sind Sie nachweislich besser versorgt!<\/p><p style=\"padding-left: 40px;\"><strong>F\u00fcr Neupatienten ist die <em>Teilnahme am Hausarztvertrag<\/em> der jeweiligen Krankenkasse <em>erforderlich\u00a0<\/em><\/strong><\/p><p style=\"padding-left: 40px;\"><strong><em>\u00a0<\/em><\/strong><strong><em>\u00a0<\/em><\/strong><\/p><ul><li><strong><span style=\"text-decoration: underline;\">Aufnahme von Neupatienten:<\/span><\/strong><span style=\"font-family: var( --e-global-typography-text-font-family ); letter-spacing: var( --e-global-typography-text-letter-spacing );\">\u00a0<\/span><ul><li>aktuell k\u00f6nnen wir leider KEINE neuen Patienten auf- oder \u00fcbernehmen<\/li><li>Neue Aufnahmen k\u00f6nnen nur nach individueller R\u00fccksprache erfolgen. Wir bitten um Anfragen per E-MAIL. Aufgrund des aktuell sehr hohen Patientenaufkommens in unsere Praxis bitten wir Sie diesbez\u00fcglich NICHT PERS\u00d6NLICH in der Praxis zu erscheinen.<\/li><\/ul><\/li><\/ul>\t\t\t\t\t\t\t\t<\/div>\n\t\t\t\t<\/div>\n\t\t\t\t\t<\/div>\n\t\t<\/div>\n\t\t\t\t<div class=\"elementor-column elementor-col-50 elementor-top-column elementor-element elementor-element-a76d20b elementor-hidden-tablet elementor-hidden-mobile\" data-id=\"a76d20b\" data-element_type=\"column\" data-e-type=\"column\">\n\t\t\t<div class=\"elementor-widget-wrap\">\n\t\t\t\t\t\t\t<\/div>\n\t\t<\/div>\n\t\t\t\t\t<\/div>\n\t\t<\/section>\n\t\t\t\t<\/div>\n\t\t","protected":false},"excerpt":{"rendered":"<p>Aktuelles aus unserer Hausarztpraxis in Brackenheim Aktuelles aus unserer Hausarztpraxis in Brackenheim Die ARD hat einen neuen Beitrag zum Thema Herzgesundheit ver\u00f6ffentlich.\u00a0Darin wird auch die innovative Technik der\u00a0 Cardisiographie vorgestellt und bewertet. F\u00fcr Interessierte findet sich der Link dazu HIER.Bei Interesse an dem Verfahren melden Sie sich gerne bei uns in der Praxis, telefonisch oder [&hellip;]<\/p>\n","protected":false},"author":1,"featured_media":0,"parent":0,"menu_order":4,"comment_status":"closed","ping_status":"closed","template":"","meta":{"footnotes":""},"class_list":["post-67","page","type-page","status-publish","hentry"],"yoast_head":"<!-- This site is optimized with the Yoast SEO plugin v27.3 - https:\/\/yoast.com\/product\/yoast-seo-wordpress\/ -->\n<title>Aktuelles &#8226; Hausarztpraxis Brackenheim<\/title>\n<meta name=\"robots\" content=\"index, follow, max-snippet:-1, max-image-preview:large, max-video-preview:-1\" \/>\n<link rel=\"canonical\" href=\"https:\/\/hausarzt-brackenheim.de\/home.html\/aktuelles\" \/>\n<meta property=\"og:locale\" content=\"de_DE\" \/>\n<meta property=\"og:type\" content=\"article\" \/>\n<meta property=\"og:title\" content=\"Aktuelles &#8226; Hausarztpraxis Brackenheim\" \/>\n<meta property=\"og:description\" content=\"Aktuelles aus unserer Hausarztpraxis in Brackenheim Aktuelles aus unserer Hausarztpraxis in Brackenheim Die ARD hat einen neuen Beitrag zum Thema Herzgesundheit ver\u00f6ffentlich.\u00a0Darin wird auch die innovative Technik der\u00a0 Cardisiographie vorgestellt und bewertet. F\u00fcr Interessierte findet sich der Link dazu HIER.Bei Interesse an dem Verfahren melden Sie sich gerne bei uns in der Praxis, telefonisch oder [&hellip;]\" \/>\n<meta property=\"og:url\" content=\"https:\/\/hausarzt-brackenheim.de\/home.html\/aktuelles\" \/>\n<meta property=\"og:site_name\" content=\"Hausarztpraxis Brackenheim\" \/>\n<meta property=\"article:modified_time\" content=\"2026-03-09T09:22:19+00:00\" \/>\n<meta property=\"og:image\" content=\"https:\/\/hausarzt-brackenheim.de\/wp-content\/uploads\/elementor\/thumbs\/Hausarztpraxis-Schirrmann-Stellzig-Home-Header-qabn2fl9xx8tc9ivgrfm51jit8a6k2wpywis89rc3e.jpg\" \/>\n<meta name=\"twitter:card\" content=\"summary_large_image\" \/>\n<meta name=\"twitter:label1\" content=\"Gesch\u00e4tzte Lesezeit\" \/>\n\t<meta name=\"twitter:data1\" content=\"2\u00a0Minuten\" \/>\n<script type=\"application\/ld+json\" class=\"yoast-schema-graph\">{\"@context\":\"https:\\\/\\\/schema.org\",\"@graph\":[{\"@type\":\"WebPage\",\"@id\":\"https:\\\/\\\/hausarzt-brackenheim.de\\\/home.html\\\/aktuelles\",\"url\":\"https:\\\/\\\/hausarzt-brackenheim.de\\\/home.html\\\/aktuelles\",\"name\":\"Aktuelles &#8226; Hausarztpraxis Brackenheim\",\"isPartOf\":{\"@id\":\"https:\\\/\\\/hausarzt-brackenheim.de\\\/home.html\\\/#website\"},\"primaryImageOfPage\":{\"@id\":\"https:\\\/\\\/hausarzt-brackenheim.de\\\/home.html\\\/aktuelles#primaryimage\"},\"image\":{\"@id\":\"https:\\\/\\\/hausarzt-brackenheim.de\\\/home.html\\\/aktuelles#primaryimage\"},\"thumbnailUrl\":\"https:\\\/\\\/hausarzt-brackenheim.de\\\/wp-content\\\/uploads\\\/elementor\\\/thumbs\\\/Hausarztpraxis-Schirrmann-Stellzig-Home-Header-qabn2fl9xx8tc9ivgrfm51jit8a6k2wpywis89rc3e.jpg\",\"datePublished\":\"2023-08-01T13:56:58+00:00\",\"dateModified\":\"2026-03-09T09:22:19+00:00\",\"breadcrumb\":{\"@id\":\"https:\\\/\\\/hausarzt-brackenheim.de\\\/home.html\\\/aktuelles#breadcrumb\"},\"inLanguage\":\"de\",\"potentialAction\":[{\"@type\":\"ReadAction\",\"target\":[\"https:\\\/\\\/hausarzt-brackenheim.de\\\/home.html\\\/aktuelles\"]}]},{\"@type\":\"ImageObject\",\"inLanguage\":\"de\",\"@id\":\"https:\\\/\\\/hausarzt-brackenheim.de\\\/home.html\\\/aktuelles#primaryimage\",\"url\":\"https:\\\/\\\/hausarzt-brackenheim.de\\\/wp-content\\\/uploads\\\/elementor\\\/thumbs\\\/Hausarztpraxis-Schirrmann-Stellzig-Home-Header-qabn2fl9xx8tc9ivgrfm51jit8a6k2wpywis89rc3e.jpg\",\"contentUrl\":\"https:\\\/\\\/hausarzt-brackenheim.de\\\/wp-content\\\/uploads\\\/elementor\\\/thumbs\\\/Hausarztpraxis-Schirrmann-Stellzig-Home-Header-qabn2fl9xx8tc9ivgrfm51jit8a6k2wpywis89rc3e.jpg\"},{\"@type\":\"BreadcrumbList\",\"@id\":\"https:\\\/\\\/hausarzt-brackenheim.de\\\/home.html\\\/aktuelles#breadcrumb\",\"itemListElement\":[{\"@type\":\"ListItem\",\"position\":1,\"name\":\"Home\",\"item\":\"https:\\\/\\\/hausarzt-brackenheim.de\\\/home.html\\\/\"},{\"@type\":\"ListItem\",\"position\":2,\"name\":\"Aktuelles\"}]},{\"@type\":\"WebSite\",\"@id\":\"https:\\\/\\\/hausarzt-brackenheim.de\\\/home.html\\\/#website\",\"url\":\"https:\\\/\\\/hausarzt-brackenheim.de\\\/home.html\\\/\",\"name\":\"Hausarztpraxis Brackenheim\",\"description\":\"Dr. med. Stellzig-Ullrich | Dr. med. Froihofer | Dr. med. Schirrmann | Frau Schirrmann\",\"publisher\":{\"@id\":\"https:\\\/\\\/hausarzt-brackenheim.de\\\/home.html\\\/#organization\"},\"alternateName\":\"Hausarzt in Brackenheim\",\"potentialAction\":[{\"@type\":\"SearchAction\",\"target\":{\"@type\":\"EntryPoint\",\"urlTemplate\":\"https:\\\/\\\/hausarzt-brackenheim.de\\\/home.html\\\/?s={search_term_string}\"},\"query-input\":{\"@type\":\"PropertyValueSpecification\",\"valueRequired\":true,\"valueName\":\"search_term_string\"}}],\"inLanguage\":\"de\"},{\"@type\":\"Organization\",\"@id\":\"https:\\\/\\\/hausarzt-brackenheim.de\\\/home.html\\\/#organization\",\"name\":\"Hausarztpraxis Brackenheim\",\"url\":\"https:\\\/\\\/hausarzt-brackenheim.de\\\/home.html\\\/\",\"logo\":{\"@type\":\"ImageObject\",\"inLanguage\":\"de\",\"@id\":\"https:\\\/\\\/hausarzt-brackenheim.de\\\/home.html\\\/#\\\/schema\\\/logo\\\/image\\\/\",\"url\":\"https:\\\/\\\/hausarzt-brackenheim.de\\\/wp-content\\\/uploads\\\/2023\\\/07\\\/favicon-Schirrmann-Stellzig.png\",\"contentUrl\":\"https:\\\/\\\/hausarzt-brackenheim.de\\\/wp-content\\\/uploads\\\/2023\\\/07\\\/favicon-Schirrmann-Stellzig.png\",\"width\":512,\"height\":512,\"caption\":\"Hausarztpraxis Brackenheim\"},\"image\":{\"@id\":\"https:\\\/\\\/hausarzt-brackenheim.de\\\/home.html\\\/#\\\/schema\\\/logo\\\/image\\\/\"}}]}<\/script>\n<!-- \/ Yoast SEO plugin. -->","yoast_head_json":{"title":"Aktuelles &#8226; Hausarztpraxis Brackenheim","robots":{"index":"index","follow":"follow","max-snippet":"max-snippet:-1","max-image-preview":"max-image-preview:large","max-video-preview":"max-video-preview:-1"},"canonical":"https:\/\/hausarzt-brackenheim.de\/home.html\/aktuelles","og_locale":"de_DE","og_type":"article","og_title":"Aktuelles &#8226; Hausarztpraxis Brackenheim","og_description":"Aktuelles aus unserer Hausarztpraxis in Brackenheim Aktuelles aus unserer Hausarztpraxis in Brackenheim Die ARD hat einen neuen Beitrag zum Thema Herzgesundheit ver\u00f6ffentlich.\u00a0Darin wird auch die innovative Technik der\u00a0 Cardisiographie vorgestellt und bewertet. F\u00fcr Interessierte findet sich der Link dazu HIER.Bei Interesse an dem Verfahren melden Sie sich gerne bei uns in der Praxis, telefonisch oder [&hellip;]","og_url":"https:\/\/hausarzt-brackenheim.de\/home.html\/aktuelles","og_site_name":"Hausarztpraxis Brackenheim","article_modified_time":"2026-03-09T09:22:19+00:00","og_image":[{"url":"https:\/\/hausarzt-brackenheim.de\/wp-content\/uploads\/elementor\/thumbs\/Hausarztpraxis-Schirrmann-Stellzig-Home-Header-qabn2fl9xx8tc9ivgrfm51jit8a6k2wpywis89rc3e.jpg","type":"","width":"","height":""}],"twitter_card":"summary_large_image","twitter_misc":{"Gesch\u00e4tzte Lesezeit":"2\u00a0Minuten"},"schema":{"@context":"https:\/\/schema.org","@graph":[{"@type":"WebPage","@id":"https:\/\/hausarzt-brackenheim.de\/home.html\/aktuelles","url":"https:\/\/hausarzt-brackenheim.de\/home.html\/aktuelles","name":"Aktuelles &#8226; Hausarztpraxis Brackenheim","isPartOf":{"@id":"https:\/\/hausarzt-brackenheim.de\/home.html\/#website"},"primaryImageOfPage":{"@id":"https:\/\/hausarzt-brackenheim.de\/home.html\/aktuelles#primaryimage"},"image":{"@id":"https:\/\/hausarzt-brackenheim.de\/home.html\/aktuelles#primaryimage"},"thumbnailUrl":"https:\/\/hausarzt-brackenheim.de\/wp-content\/uploads\/elementor\/thumbs\/Hausarztpraxis-Schirrmann-Stellzig-Home-Header-qabn2fl9xx8tc9ivgrfm51jit8a6k2wpywis89rc3e.jpg","datePublished":"2023-08-01T13:56:58+00:00","dateModified":"2026-03-09T09:22:19+00:00","breadcrumb":{"@id":"https:\/\/hausarzt-brackenheim.de\/home.html\/aktuelles#breadcrumb"},"inLanguage":"de","potentialAction":[{"@type":"ReadAction","target":["https:\/\/hausarzt-brackenheim.de\/home.html\/aktuelles"]}]},{"@type":"ImageObject","inLanguage":"de","@id":"https:\/\/hausarzt-brackenheim.de\/home.html\/aktuelles#primaryimage","url":"https:\/\/hausarzt-brackenheim.de\/wp-content\/uploads\/elementor\/thumbs\/Hausarztpraxis-Schirrmann-Stellzig-Home-Header-qabn2fl9xx8tc9ivgrfm51jit8a6k2wpywis89rc3e.jpg","contentUrl":"https:\/\/hausarzt-brackenheim.de\/wp-content\/uploads\/elementor\/thumbs\/Hausarztpraxis-Schirrmann-Stellzig-Home-Header-qabn2fl9xx8tc9ivgrfm51jit8a6k2wpywis89rc3e.jpg"},{"@type":"BreadcrumbList","@id":"https:\/\/hausarzt-brackenheim.de\/home.html\/aktuelles#breadcrumb","itemListElement":[{"@type":"ListItem","position":1,"name":"Home","item":"https:\/\/hausarzt-brackenheim.de\/home.html\/"},{"@type":"ListItem","position":2,"name":"Aktuelles"}]},{"@type":"WebSite","@id":"https:\/\/hausarzt-brackenheim.de\/home.html\/#website","url":"https:\/\/hausarzt-brackenheim.de\/home.html\/","name":"Hausarztpraxis Brackenheim","description":"Dr. med. Stellzig-Ullrich | Dr. med. Froihofer | Dr. med. Schirrmann | Frau Schirrmann","publisher":{"@id":"https:\/\/hausarzt-brackenheim.de\/home.html\/#organization"},"alternateName":"Hausarzt in Brackenheim","potentialAction":[{"@type":"SearchAction","target":{"@type":"EntryPoint","urlTemplate":"https:\/\/hausarzt-brackenheim.de\/home.html\/?s={search_term_string}"},"query-input":{"@type":"PropertyValueSpecification","valueRequired":true,"valueName":"search_term_string"}}],"inLanguage":"de"},{"@type":"Organization","@id":"https:\/\/hausarzt-brackenheim.de\/home.html\/#organization","name":"Hausarztpraxis Brackenheim","url":"https:\/\/hausarzt-brackenheim.de\/home.html\/","logo":{"@type":"ImageObject","inLanguage":"de","@id":"https:\/\/hausarzt-brackenheim.de\/home.html\/#\/schema\/logo\/image\/","url":"https:\/\/hausarzt-brackenheim.de\/wp-content\/uploads\/2023\/07\/favicon-Schirrmann-Stellzig.png","contentUrl":"https:\/\/hausarzt-brackenheim.de\/wp-content\/uploads\/2023\/07\/favicon-Schirrmann-Stellzig.png","width":512,"height":512,"caption":"Hausarztpraxis Brackenheim"},"image":{"@id":"https:\/\/hausarzt-brackenheim.de\/home.html\/#\/schema\/logo\/image\/"}}]}},"_links":{"self":[{"href":"https:\/\/hausarzt-brackenheim.de\/home.html\/wp-json\/wp\/v2\/pages\/67","targetHints":{"allow":["GET"]}}],"collection":[{"href":"https:\/\/hausarzt-brackenheim.de\/home.html\/wp-json\/wp\/v2\/pages"}],"about":[{"href":"https:\/\/hausarzt-brackenheim.de\/home.html\/wp-json\/wp\/v2\/types\/page"}],"author":[{"embeddable":true,"href":"https:\/\/hausarzt-brackenheim.de\/home.html\/wp-json\/wp\/v2\/users\/1"}],"replies":[{"embeddable":true,"href":"https:\/\/hausarzt-brackenheim.de\/home.html\/wp-json\/wp\/v2\/comments?post=67"}],"version-history":[{"count":49,"href":"https:\/\/hausarzt-brackenheim.de\/home.html\/wp-json\/wp\/v2\/pages\/67\/revisions"}],"predecessor-version":[{"id":1344,"href":"https:\/\/hausarzt-brackenheim.de\/home.html\/wp-json\/wp\/v2\/pages\/67\/revisions\/1344"}],"wp:attachment":[{"href":"https:\/\/hausarzt-brackenheim.de\/home.html\/wp-json\/wp\/v2\/media?parent=67"}],"curies":[{"name":"wp","href":"https:\/\/api.w.org\/{rel}","templated":true}]}}